{"id":14,"date":"2023-07-30T19:59:39","date_gmt":"2023-07-30T17:59:39","guid":{"rendered":"https:\/\/www.dev-idea.sk\/?page_id=14"},"modified":"2023-08-07T15:05:11","modified_gmt":"2023-08-07T13:05:11","slug":"domov","status":"publish","type":"page","link":"https:\/\/www.dev-idea.sk\/","title":{"rendered":"Domov"},"content":{"rendered":"\n<section class=\"section-c8d8da3 sec-base cc-sct\">\n<div class=\"container-cff2457 con-base cc-cntr\">\n<div class=\"div-c587333\"><\/div>\n\n\n\n<img decoding=\"async\" class=\"image-c91d743 cc-img\" src=\"https:\/\/www.dev-idea.sk\/wp-content\/uploads\/2023\/07\/logo_header.svg\" srcset=\"\" sizes=\"(max-width: 337px) 100vw, 337px\" width=\"337.69\" height=\"90.23\" alt=\"\"\/>\n\n\n\n<h1 class=\"heading-c8362bb\"><span class=\"cc-span ccvg3w6\">Inovat\u00edvne IT rie\u0161enia<\/span>, <br>kde sa na\u0161a profesionalita sp\u00e1ja s vyu\u017eit\u00edm v\u00e1\u0161ho potenci\u00e1lu.<\/h1>\n\n\n\n<p class=\"paragraph-c858edb\">V\u0161etko od anal\u00fdzy procesov a\u017e po fin\u00e1lnu implement\u00e1ciu technick\u00e9ho rie\u0161enia.<\/p>\n<\/div>\n<\/section>\n\n\n\n<section id=\"sluzby\" class=\"section-c717176 sec-base cc-sct\">\n<div class=\"container-c81b2fe cc-cntr\">\n<div class=\"div-c0e472c\">\n<div class=\"div-cdbd33d\">\n<div class=\"icon-c4744f2 cc-icn\"><svg xmlns=\"http:\/\/www.w3.org\/2000\/svg\" viewBox=\"0 0 32 32\"><path d=\"M14.5 16c0-0.828 0.672-1.5 1.5-1.5s1.5 0.672 1.5 1.5c0 0.828-0.672 1.5-1.5 1.5v0c-0.828 0-1.5-0.672-1.5-1.5v0zM26.536 19.464c0.905 0.905 1.464 2.155 1.464 3.536 0 2.761-2.239 5-5 5-1.381 0-2.631-0.56-3.536-1.464v0l-3.464-3.464-3.464 3.464c-0.905 0.908-2.157 1.47-3.541 1.47-2.761 0-5-2.239-5-5 0-1.383 0.562-2.635 1.47-3.541l3.465-3.465-3.464-3.464c-0.905-0.905-1.464-2.155-1.464-3.536 0-2.761 2.239-5 5-5 1.381 0 2.631 0.56 3.536 1.464l3.464 3.464 3.464-3.464c0.905-0.908 2.157-1.47 3.541-1.47 2.761 0 5 2.239 5 5 0 1.383-0.562 2.635-1.47 3.541l-3.465 3.465zM17.414 10.343l4.243 4.243 3.464-3.464c0.543-0.543 0.88-1.293 0.88-2.122 0-1.657-1.343-3-3-3-0.829 0-1.579 0.336-2.122 0.879l-0 0zM16 11.757l-4.243 4.243 4.243 4.243 4.243-4.243zM10.343 14.586l4.243-4.243-3.465-3.465c-0.543-0.543-1.293-0.879-2.121-0.879-1.657 0-3 1.343-3 3 0 0.828 0.336 1.578 0.879 2.121v0zM14.586 21.657l-4.243-4.243-3.464 3.464c-0.543 0.543-0.88 1.293-0.88 2.122 0 1.657 1.343 3 3 3 0.829 0 1.579-0.336 2.122-0.879l0-0zM26 23c0-0.002 0-0.005 0-0.008 0-0.826-0.336-1.573-0.879-2.113l-3.465-3.465-4.243 4.243 3.465 3.465c0.543 0.543 1.293 0.879 2.121 0.879 1.657 0 3-1.343 3-3v0z\"><\/path><\/svg><\/div>\n\n\n\n<p class=\"paragraph-ccfbc39\">Na\u0161e slu\u017eby<\/p>\n<\/div>\n\n\n\n<h2 class=\"heading-c9b15df\"><strong>Slu\u017eby v oblasti<\/strong><br><strong>automatiz\u00e1cie a digitaliz\u00e1cie<\/strong><\/h2>\n\n\n\n<p class=\"paragraph-cf4366a paragraph-c858edb\">Pre va\u0161e firemn\u00e9 procesy zastre\u0161\u00edme v\u0161etko od anal\u00fdzy procesov, cez v\u00fdvoj na mieru a\u017e po fin\u00e1lnu implement\u00e1ciu technick\u00e9ho rie\u0161enia. Vytv\u00e1rame pre v\u00e1s str\u00e1nky a aplik\u00e1cie, ktor\u00e9 nielen skvelo vyzeraj\u00fa, ale s\u00fa aj intuit\u00edvne a efekt\u00edvne v pou\u017e\u00edvan\u00ed. <\/p>\n<\/div>\n\n\n\n<div class=\"columns-c14ce6c\">\n<div class=\"cc-clmn\">\n<div class=\"service-hdl--wrapp\">\n<div class=\"service-icon cc-icn\"><svg xmlns=\"http:\/\/www.w3.org\/2000\/svg\" viewBox=\"0 0 32 32\"><path d=\"M16 3c-7.18 0-13 5.82-13 13s5.82 13 13 13c7.18 0 13-5.82 13-13v0c-0.008-7.176-5.824-12.992-12.999-13h-0.001zM16 27c-6.075 0-11-4.925-11-11s4.925-11 11-11c6.075 0 11 4.925 11 11v0c-0.007 6.072-4.928 10.993-10.999 11h-0.001zM24 16c0 0 0 0 0 0 0 0.552-0.448 1-1 1 0 0-0 0-0 0h-7c0 0-0 0-0 0-0.552 0-1-0.448-1-1 0 0 0-0 0-0v0-7c0-0.552 0.448-1 1-1s1 0.448 1 1v0 6h6c0 0 0 0 0 0 0.552 0 1 0.448 1 1 0 0 0 0 0 0v0z\"><\/path><\/svg><\/div>\n\n\n\n<p class=\"service-hdl\"><strong>Anal\u00fdza procesov<\/strong><\/p>\n<\/div>\n\n\n\n<p class=\"paragraph-c36f47e service-desc\">Anal\u00fdzou a pos\u00faden\u00edm va\u0161ich firemn\u00fdch procesov identifikujeme miesta, kde viete u\u0161etri\u0165 \u010das a zv\u00fd\u0161i\u0165 va\u0161u v\u00fdkonnos\u0165.\u00a0<\/p>\n<\/div>\n\n\n\n<div class=\"column-ce45cf3 cc-clmn\">\n<div class=\"service-hdl--wrapp\">\n<div class=\"service-icon cc-icn\"><svg xmlns=\"http:\/\/www.w3.org\/2000\/svg\" viewBox=\"0 0 32 32\"><path d=\"M28 6h-8c-1.631 0-3.079 0.782-3.991 1.991l-0.009 0.013c-0.921-1.222-2.369-2.003-4-2.003h-8c-1.104 0.001-1.999 0.896-2 2v16c0.001 1.104 0.896 1.999 2 2h8c1.656 0.002 2.998 1.344 3 3v0c0 0.552 0.448 1 1 1s1-0.448 1-1v0c0.002-1.656 1.344-2.998 3-3h8c1.104-0.001 1.999-0.896 2-2v-16c-0.001-1.104-0.896-1.999-2-2h-0zM12 24h-8v-16h8c1.656 0.002 2.998 1.344 3 3v14.003c-0.823-0.626-1.865-1.002-2.995-1.002-0.002 0-0.004 0-0.006 0h0zM28 24h-8c-0.002 0-0.003 0-0.005 0-1.13 0-2.172 0.377-3.007 1.012l0.012-0.009v-14.003c0.002-1.656 1.344-2.998 3-3h8z\"><\/path><\/svg><\/div>\n\n\n\n<h3 class=\"service-hdl\"><strong>Implement\u00e1cie a za\u0161kolenie<\/strong><\/h3>\n<\/div>\n\n\n\n<p class=\"service-desc\">Po n\u00e1vrhu aplik\u00e1cie uprav\u00edme procesy v r\u00e1mci v\u00e1\u0161ho existuj\u00faceho chodu. Dod\u00e1me sprievodn\u00fa dokument\u00e1ciu a vy\u0161kol\u00edme va\u0161ich zamestnancov.<\/p>\n<\/div>\n\n\n\n<div class=\"column-ce45cf3 cc-clmn\">\n<div class=\"service-hdl--wrapp\">\n<div class=\"service-icon cc-icn\"><svg xmlns=\"http:\/\/www.w3.org\/2000\/svg\" viewBox=\"0 0 32 32\"><path d=\"M27 26h-12.586l13.586-13.586c0.362-0.362 0.586-0.862 0.586-1.414s-0.224-1.052-0.586-1.414l-5.586-5.586c-0.362-0.361-0.862-0.585-1.414-0.585s-1.052 0.223-1.414 0.585l-15 15c-0.189 0.189-0.341 0.416-0.442 0.669l-0.005 0.013c-0.010 0.025-0.019 0.050-0.027 0.076-0.071 0.195-0.112 0.421-0.112 0.656v5.586c0.001 1.104 0.896 1.999 2 2h21c0.552 0 1-0.448 1-1s-0.448-1-1-1v0zM6.414 20l10.586-10.586 5.586 5.586-10.586 10.586zM21 5.414l5.586 5.586-2.586 2.586-5.586-5.586zM6 22.414l3.586 3.586h-3.586z\"><\/path><\/svg><\/div>\n\n\n\n<h3 class=\"service-hdl\"><strong>Dizajn a v\u00fdvoj technick\u00e9ho rie\u0161enia<\/strong><\/h3>\n<\/div>\n\n\n\n<p class=\"service-desc\">Pre ka\u017ed\u00e9ho klienta vyv\u00edjame rie\u0161enie na mieru &#8211; jedine\u010dn\u00e9 str\u00e1nky a aplik\u00e1cie. Na\u0161a hybridn\u00e1 aplik\u00e1cia PWA &#8211; progressive web application je ur\u010den\u00e1 pre v\u0161etky typy zariaden\u00ed.<\/p>\n<\/div>\n\n\n\n<div class=\"column-ce45cf3 cc-clmn\">\n<div class=\"service-hdl--wrapp\">\n<div class=\"service-icon cc-icn\"><svg xmlns=\"http:\/\/www.w3.org\/2000\/svg\" viewBox=\"0 0 32 32\"><path d=\"M25.34 6.773c-2.337-2.332-5.563-3.774-9.125-3.774-0.044 0-0.087 0-0.131 0.001l0.007-0q-0.046-0-0.092-0c-7.179 0.001-12.999 5.821-12.999 13v0 7c0.002 1.656 1.344 2.998 3 3h2c1.656-0.002 2.998-1.344 3-3v-5c-0.002-1.656-1.344-2.998-3-3h-2.956c0.53-5.63 5.233-10 10.957-10 0.029 0 0.058 0 0.087 0l-0.004-0c0.005 0 0.010 0 0.015 0 0.025-0 0.054-0 0.083-0 5.724 0 10.426 4.37 10.953 9.956l0.003 0.044h-2.956c-1.656 0.002-2.998 1.344-3 3v5c0.002 1.656 1.344 2.998 3 3h2c0 0 0.001 0 0.001 0 0.358 0 0.702-0.063 1.020-0.179l-0.021 0.007v0.172c-0.002 1.656-1.344 2.998-3 3h-7.182c-0.552 0-1 0.448-1 1s0.448 1 1 1v0h7.182c2.76-0.003 4.997-2.24 5-5v-10c0-0.011 0-0.024 0-0.037 0-3.595-1.47-6.847-3.841-9.188l-0.001-0.001zM8 17c0.552 0.001 0.999 0.448 1 1v5c-0.001 0.552-0.448 0.999-1 1h-2c-0.552-0.001-0.999-0.448-1-1v-6zM26.182 24h-2c-0.552-0.001-0.999-0.448-1-1v-5c0.001-0.552 0.448-0.999 1-1h3v6c-0.001 0.552-0.448 0.999-1 1h-0z\"><\/path><\/svg><\/div>\n\n\n\n<h3 class=\"service-hdl\"><strong>Servis a podpora<\/strong><\/h3>\n<\/div>\n\n\n\n<p class=\"service-desc\">Poskytujeme servisn\u00fa podporu a pomoc pri rie\u0161en\u00ed technick\u00fdch probl\u00e9mov. S klientmi spolupracujeme dlhodobo.<\/p>\n<\/div>\n<\/div>\n<\/div>\n<\/section>\n\n\n\n<section class=\"section-ca22f29 sec-base cc-sct\">\n<div class=\"container-c07561a cc-cntr\">\n<div class=\"div-c0e472c\">\n<div class=\"div-cf676b6\">\n<div class=\"icon-c40cdc3 cc-icn\"><svg xmlns=\"http:\/\/www.w3.org\/2000\/svg\" viewBox=\"0 0 32 32\"><path d=\"M14.5 16c0-0.828 0.672-1.5 1.5-1.5s1.5 0.672 1.5 1.5c0 0.828-0.672 1.5-1.5 1.5v0c-0.828 0-1.5-0.672-1.5-1.5v0zM26.536 19.464c0.905 0.905 1.464 2.155 1.464 3.536 0 2.761-2.239 5-5 5-1.381 0-2.631-0.56-3.536-1.464v0l-3.464-3.464-3.464 3.464c-0.905 0.908-2.157 1.47-3.541 1.47-2.761 0-5-2.239-5-5 0-1.383 0.562-2.635 1.47-3.541l3.465-3.465-3.464-3.464c-0.905-0.905-1.464-2.155-1.464-3.536 0-2.761 2.239-5 5-5 1.381 0 2.631 0.56 3.536 1.464l3.464 3.464 3.464-3.464c0.905-0.908 2.157-1.47 3.541-1.47 2.761 0 5 2.239 5 5 0 1.383-0.562 2.635-1.47 3.541l-3.465 3.465zM17.414 10.343l4.243 4.243 3.464-3.464c0.543-0.543 0.88-1.293 0.88-2.122 0-1.657-1.343-3-3-3-0.829 0-1.579 0.336-2.122 0.879l-0 0zM16 11.757l-4.243 4.243 4.243 4.243 4.243-4.243zM10.343 14.586l4.243-4.243-3.465-3.465c-0.543-0.543-1.293-0.879-2.121-0.879-1.657 0-3 1.343-3 3 0 0.828 0.336 1.578 0.879 2.121v0zM14.586 21.657l-4.243-4.243-3.464 3.464c-0.543 0.543-0.88 1.293-0.88 2.122 0 1.657 1.343 3 3 3 0.829 0 1.579-0.336 2.122-0.879l0-0zM26 23c0-0.002 0-0.005 0-0.008 0-0.826-0.336-1.573-0.879-2.113l-3.465-3.465-4.243 4.243 3.465 3.465c0.543 0.543 1.293 0.879 2.121 0.879 1.657 0 3-1.343 3-3v0z\"><\/path><\/svg><\/div>\n\n\n\n<p class=\"paragraph-c3b1db9\"><strong><em>Poslanie<\/em><\/strong><\/p>\n<\/div>\n\n\n\n<h2 class=\"heading-c3937fc\"><strong><strong>Va\u0161e n\u00e1pady pren\u00e1\u0161ame<\/strong><\/strong><br><strong><strong>do digit\u00e1lnej reality.<\/strong><\/strong><\/h2>\n\n\n\n<p class=\"paragraph-c6ed768 paragraph-c858edb\">Na\u0161\u00edm poslan\u00edm je umo\u017eni\u0165 v\u00e1m transformova\u0165 va\u0161e kreat\u00edvne a inovat\u00edvne n\u00e1pady na praktick\u00e9 digit\u00e1lne rie\u0161enia, ktor\u00e9 prines\u00fa re\u00e1lne v\u00fdhody va\u0161ej firme. Ver\u00edme, \u017ee vz\u00e1jomn\u00e1 spolupr\u00e1ca a komunik\u00e1cia je z\u00e1kladom pre dosiahnutie skuto\u010dne v\u00fdnimo\u010dn\u00fdch v\u00fdsledkov. Va\u0161e sny a v\u00edzie sa st\u00e1vaj\u00fa na\u0161imi, a spolo\u010dne ich pretv\u00e1rame do digit\u00e1lneho prostredia. <\/p>\n<\/div>\n\n\n\n<div class=\"columns-c9ccbb1\">\n<div class=\"cc-clmn\">\n<div class=\"service-hdl--wrapp\">\n<div class=\"service-icon cc-icn\"><svg xmlns=\"http:\/\/www.w3.org\/2000\/svg\" viewBox=\"0 0 32 32\"><path d=\"M16 3c-7.18 0-13 5.82-13 13s5.82 13 13 13c7.18 0 13-5.82 13-13v0c-0.008-7.176-5.824-12.992-12.999-13h-0.001zM16 27c-6.075 0-11-4.925-11-11s4.925-11 11-11c6.075 0 11 4.925 11 11v0c-0.007 6.072-4.928 10.993-10.999 11h-0.001zM24 16c0 0 0 0 0 0 0 0.552-0.448 1-1 1 0 0-0 0-0 0h-7c0 0-0 0-0 0-0.552 0-1-0.448-1-1 0 0 0-0 0-0v0-7c0-0.552 0.448-1 1-1s1 0.448 1 1v0 6h6c0 0 0 0 0 0 0.552 0 1 0.448 1 1 0 0 0 0 0 0v0z\"><\/path><\/svg><\/div>\n\n\n\n<p class=\"service-hdl\"><strong><strong>Kto sme?<\/strong><\/strong><\/p>\n<\/div>\n\n\n\n<p class=\"paragraph-cffeff5 service-desc\">Dev Idea s.r.o. je spo\u013eahliv\u00fdm partnerom v oblasti tvorby webov\u00fdch str\u00e1nok, firemn\u00fdch aplik\u00e1ci\u00ed na mieru a tvorby grafick\u00fdch podkladov. S na\u0161ou v\u00e1\u0161\u0148ou pre kreativitu a technol\u00f3gie, sme odhodlan\u00ed prin\u00e1\u0161a\u0165 va\u0161im n\u00e1padom digit\u00e1lnu realitu.<\/p>\n<\/div>\n\n\n\n<div class=\"column-ce45cf3 cc-clmn\">\n<div class=\"service-hdl--wrapp\">\n<div class=\"service-icon cc-icn\"><svg xmlns=\"http:\/\/www.w3.org\/2000\/svg\" viewBox=\"0 0 32 32\"><path d=\"M28 6h-8c-1.631 0-3.079 0.782-3.991 1.991l-0.009 0.013c-0.921-1.222-2.369-2.003-4-2.003h-8c-1.104 0.001-1.999 0.896-2 2v16c0.001 1.104 0.896 1.999 2 2h8c1.656 0.002 2.998 1.344 3 3v0c0 0.552 0.448 1 1 1s1-0.448 1-1v0c0.002-1.656 1.344-2.998 3-3h8c1.104-0.001 1.999-0.896 2-2v-16c-0.001-1.104-0.896-1.999-2-2h-0zM12 24h-8v-16h8c1.656 0.002 2.998 1.344 3 3v14.003c-0.823-0.626-1.865-1.002-2.995-1.002-0.002 0-0.004 0-0.006 0h0zM28 24h-8c-0.002 0-0.003 0-0.005 0-1.13 0-2.172 0.377-3.007 1.012l0.012-0.009v-14.003c0.002-1.656 1.344-2.998 3-3h8z\"><\/path><\/svg><\/div>\n\n\n\n<h3 class=\"service-hdl\"><strong><strong>\u010co n\u00e1s odli\u0161uje od ostatn\u00fdch?<\/strong><\/strong><\/h3>\n<\/div>\n\n\n\n<p class=\"service-desc\">Na\u0161a spolo\u010dnos\u0165 je zalo\u017een\u00e1 na princ\u00edpoch inov\u00e1cie, \u0161ikovnosti a d\u00f4slednosti. S\u00fastre\u010fujeme sa na ka\u017ed\u00fd detail a na ka\u017ed\u00fa jedine\u010dn\u00fa potrebu v\u00e1s, na\u0161ich klientov. Na\u0161\u00edm cie\u013eom je neust\u00e1le pos\u00fava\u0165 hranice kreativity a technologick\u00fdch mo\u017enost\u00ed, aby sme v\u00e1m dok\u00e1zali poskytn\u00fa\u0165 rie\u0161enia, ktor\u00e9 presahuj\u00fa o\u010dak\u00e1vania.<\/p>\n<\/div>\n\n\n\n<div class=\"column-ce45cf3 cc-clmn\">\n<div class=\"service-hdl--wrapp\">\n<div class=\"service-icon cc-icn\"><svg xmlns=\"http:\/\/www.w3.org\/2000\/svg\" viewBox=\"0 0 32 32\"><path d=\"M27 26h-12.586l13.586-13.586c0.362-0.362 0.586-0.862 0.586-1.414s-0.224-1.052-0.586-1.414l-5.586-5.586c-0.362-0.361-0.862-0.585-1.414-0.585s-1.052 0.223-1.414 0.585l-15 15c-0.189 0.189-0.341 0.416-0.442 0.669l-0.005 0.013c-0.010 0.025-0.019 0.050-0.027 0.076-0.071 0.195-0.112 0.421-0.112 0.656v5.586c0.001 1.104 0.896 1.999 2 2h21c0.552 0 1-0.448 1-1s-0.448-1-1-1v0zM6.414 20l10.586-10.586 5.586 5.586-10.586 10.586zM21 5.414l5.586 5.586-2.586 2.586-5.586-5.586zM6 22.414l3.586 3.586h-3.586z\"><\/path><\/svg><\/div>\n\n\n\n<h3 class=\"service-hdl\"><strong><strong>Kto sa postar\u00e1 o v\u00e1s a va\u0161e procesy?<\/strong><\/strong><\/h3>\n<\/div>\n\n\n\n<p class=\"service-desc\">N\u00e1\u0161 t\u00edm je zlo\u017een\u00fd z odborn\u00edkov, ktor\u00ed maj\u00fa nielen rozsiahle vedomosti a zru\u010dnosti v oblasti dizajnu a programovania, ale aj schopnos\u0165 po\u010d\u00fava\u0165 a porozumie\u0165 va\u0161im potreb\u00e1m. Pri pr\u00e1ci s nami m\u00f4\u017eete o\u010dak\u00e1va\u0165 profesion\u00e1lny a individu\u00e1lny pr\u00edstup ku ka\u017ed\u00e9mu projektu.\u00a0<\/p>\n<\/div>\n<\/div>\n<\/div>\n<\/section>\n\n\n\n<section class=\"section-c7038f7 cc-sct\">\n<div class=\"container-c772c6e con-base cc-cntr\">\n<div class=\"div-c861718\"><\/div>\n\n\n\n<div class=\"div-c801c8f\">\n<div class=\"div-c0e472c\">\n<h2 class=\"heading-cd0c875 heading-c9b15df\"><strong>Realizovan\u00e9 projekty <\/strong><br><strong>v automatiz\u00e1cii <\/strong><span class=\"cc-span ccwwnsmi\">firemn\u00fdch procesov<\/span><\/h2>\n\n\n\n<p class=\"paragraph-c8e746e paragraph-c858edb\">Jeden z na\u0161ich naj\u00faspe\u0161nej\u0161\u00edch projektov &#8211; PWA hybridn\u00fa aplik\u00e1ciu sme realizovali pre dynamick\u00fa spolo\u010dnos\u0165 Scaffolding s.r.o. Hlavn\u00fdm cie\u013eom tejto aplik\u00e1cie bolo zjednodu\u0161i\u0165 a zautomatizova\u0165 mnoh\u00e9 firemn\u00e9 procesy, ktor\u00e9 \u010dasto zaberali ve\u013ea \u010dasu a energie. <\/p>\n<\/div>\n\n\n\n<div class=\"div-cdc0543\">\n<div class=\"div-c7da485\">\n<p class=\"paragraph-cd558f5\"><strong>Vyu\u017eitie inovat\u00edvnej <\/strong><br><strong>aplik\u00e1cie v praxi:<\/strong><\/p>\n\n\n\n<div class=\"list-c8de504 cc-icon-list\"><ul><li><span>efekt\u00edvna spr\u00e1va pracovn\u00fdch z\u00e1znamov<\/span><\/li><li><span>generovanie fakt\u00far<\/span><\/li><li><span>evidencia doch\u00e1dzky<\/span><\/li><li><span>evidencia firiem a projektov<\/span><\/li><li><span>spracovanie zml\u00fav a dokumentov<\/span><\/li><li><span>pride\u013eovanie vybavenia, ubytovania <br>a vozidiel pre pracovn\u00e9 cesty<\/span><\/li><\/ul><\/div>\n<\/div>\n<\/div>\n<\/div>\n<\/div>\n<\/section>\n\n\n\n<section class=\"section-c76b6b7 sec-base cc-sct\">\n<div class=\"container-c11d385 con-base cc-cntr\">\n<div class=\"div-c9dfd2d\"><\/div>\n\n\n\n<div class=\"columns-c33a8e7\">\n<div class=\"column-cb78a9f cc-clmn\">\n<div class=\"icon-c4e6bc5 cc-icn\"><svg xmlns=\"http:\/\/www.w3.org\/2000\/svg\" viewBox=\"0 0 32 32\"><path d=\"M27.001 8h-5.001v-1c-0.002-1.656-1.344-2.998-3-3h-6c-1.656 0.002-2.998 1.344-3 3v1h-4.999c-1.104 0.001-1.999 0.896-2 2v16c0.001 1.104 0.896 1.999 2 2h22c1.104-0.001 1.999-0.896 2-2v-16c-0.001-1.104-0.896-1.999-2-2h-0zM12 7c0.001-0.552 0.448-0.999 1-1h6c0.552 0.001 0.999 0.448 1 1v1h-8zM27.001 26h-22v-16h22l0.001 16z\"><\/path><\/svg><\/div>\n\n\n\n<p class=\"paragraph-cc2e688\">\u00a92023 &#8211; Dev Idea s.r.o.<\/p>\n<\/div>\n\n\n\n<a class=\"column-cb78a9f cc-clmn\" href=\"mailto:info@\u200bdev-idea.sk?subject=&amp;body=\" rel=\"noopener\" target=\"_self\">\n<div class=\"icon-c4e6bc5 cc-icn\"><svg xmlns=\"http:\/\/www.w3.org\/2000\/svg\" viewBox=\"0 0 32 32\"><path d=\"M28.817 23.721c0.745-1.365 1.183-2.99 1.183-4.718 0-5.102-3.82-9.311-8.755-9.925l-0.049-0.005c-1.567-3.599-5.093-6.070-9.196-6.070-5.523 0-10 4.477-10 10 0 1.727 0.438 3.352 1.209 4.77l-0.026-0.053-0.773 2.706c-0.043 0.144-0.067 0.31-0.067 0.481 0 0.966 0.783 1.75 1.75 1.75 0.171 0 0.337-0.025 0.493-0.070l-0.012 0.003 2.707-0.773c1.020 0.557 2.211 0.95 3.475 1.106l0.048 0.005c1.568 3.601 5.095 6.072 9.199 6.072 1.728 0 3.353-0.438 4.771-1.209l-0.053 0.026 2.706 0.773c0.144 0.043 0.309 0.067 0.481 0.067 0.966 0 1.75-0.784 1.75-1.75 0-0.171-0.025-0.337-0.070-0.493l0.003 0.012zM7.406 19.741c0 0 0 0 0 0-0.098 0-0.192 0.014-0.282 0.040l0.007-0.002-2.676 0.765 0.764-2.676c0.024-0.082 0.038-0.177 0.038-0.275 0-0.189-0.052-0.365-0.143-0.516l0.003 0.005c-0.703-1.166-1.118-2.574-1.118-4.079 0-4.416 3.58-7.996 7.996-7.996s7.996 3.58 7.996 7.996c0 4.416-3.58 7.996-7.996 7.996-1.505 0-2.913-0.416-4.115-1.139l0.036 0.020c-0.146-0.088-0.322-0.14-0.511-0.14v0zM26.882 23.082c-0.088 0.146-0.14 0.323-0.14 0.511 0 0.098 0.014 0.192 0.040 0.282l-0.002-0.007 0.765 2.676-2.676-0.764c-0.082-0.024-0.177-0.038-0.275-0.038-0.189 0-0.365 0.052-0.516 0.143l0.005-0.003c-1.167 0.703-2.575 1.118-4.081 1.118-2.968 0-5.559-1.616-6.941-4.015l-0.021-0.039c5.056-0.539 8.96-4.781 8.96-9.935 0-0.635-0.059-1.257-0.173-1.859l0.010 0.062c3.56 0.862 6.163 4.021 6.163 7.788 0 1.505-0.416 2.914-1.139 4.117l0.020-0.036z\"><\/path><\/svg><\/div>\n\n\n\n<p class=\"paragraph-cc2e688\">info@\u200bdev-idea.sk<\/p>\n<\/a>\n<\/div>\n<\/div>\n<\/section>\n","protected":false},"excerpt":{"rendered":"","protected":false},"author":1,"featured_media":0,"parent":0,"menu_order":0,"comment_status":"closed","ping_status":"closed","template":"","meta":{"footnotes":""},"class_list":["post-14","page","type-page","status-publish","hentry"],"acf":[],"_links":{"self":[{"href":"https:\/\/www.dev-idea.sk\/index.php\/wp-json\/wp\/v2\/pages\/14","targetHints":{"allow":["GET"]}}],"collection":[{"href":"https:\/\/www.dev-idea.sk\/index.php\/wp-json\/wp\/v2\/pages"}],"about":[{"href":"https:\/\/www.dev-idea.sk\/index.php\/wp-json\/wp\/v2\/types\/page"}],"author":[{"embeddable":true,"href":"https:\/\/www.dev-idea.sk\/index.php\/wp-json\/wp\/v2\/users\/1"}],"replies":[{"embeddable":true,"href":"https:\/\/www.dev-idea.sk\/index.php\/wp-json\/wp\/v2\/comments?post=14"}],"version-history":[{"count":34,"href":"https:\/\/www.dev-idea.sk\/index.php\/wp-json\/wp\/v2\/pages\/14\/revisions"}],"predecessor-version":[{"id":59,"href":"https:\/\/www.dev-idea.sk\/index.php\/wp-json\/wp\/v2\/pages\/14\/revisions\/59"}],"wp:attachment":[{"href":"https:\/\/www.dev-idea.sk\/index.php\/wp-json\/wp\/v2\/media?parent=14"}],"curies":[{"name":"wp","href":"https:\/\/api.w.org\/{rel}","templated":true}]}}